--
-- Host: localhost    Database: ininli
-- ------------------------------------------------------


--
-- Table structure for table `attachments`
--

CREATE TABLE `attachments` (
  `id` varchar(255) COLLATE utf8mb4_unicode_ci NOT NULL,
  `created_by_user_id` varchar(255) COLLATE utf8mb4_unicode_ci DEFAULT NULL,
  `updated_by_user_id` varchar(255) COLLATE utf8mb4_unicode_ci DEFAULT NULL,
  `file_name` varchar(255) COLLATE utf8mb4_unicode_ci DEFAULT NULL,
  `size` int(11) NOT NULL,
  `mime_type` varchar(255) COLLATE utf8mb4_unicode_ci NOT NULL,
  `dimensions` longtext COLLATE utf8mb4_unicode_ci NOT NULL COMMENT '(DC2Type:array)',
  `original_name` varchar(255) COLLATE utf8mb4_unicode_ci NOT NULL,
  `created` datetime DEFAULT NULL,
  `updated` datetime DEFAULT NULL,
  PRIMARY KEY (`id`),
  KEY `IDX_47C4FAD67D182D95` (`created_by_user_id`),
  KEY `IDX_47C4FAD62793CC5E` (`updated_by_user_id`),
  CONSTRAINT `FK_47C4FAD62793CC5E` FOREIGN KEY (`updated_by_user_id`) REFERENCES `users` (`id`) ON DELETE SET NULL,
  CONSTRAINT `FK_47C4FAD67D182D95` FOREIGN KEY (`created_by_user_id`) REFERENCES `users` (`id`) ON DELETE SET NULL
) ENGINE=InnoDB DEFAULT CHARSET=utf8mb4 COLLATE=utf8mb4_unicode_ci;

--
-- Dumping data for table `attachments`
--


--
-- Table structure for table `categories`
--

CREATE TABLE `categories` (
  `id` varchar(255) COLLATE utf8mb4_unicode_ci NOT NULL,
  `created_by_user_id` varchar(255) COLLATE utf8mb4_unicode_ci DEFAULT NULL,
  `updated_by_user_id` varchar(255) COLLATE utf8mb4_unicode_ci DEFAULT NULL,
  `name` varchar(255) COLLATE utf8mb4_unicode_ci NOT NULL,
  `created` datetime DEFAULT NULL,
  `updated` datetime DEFAULT NULL,
  PRIMARY KEY (`id`),
  KEY `IDX_3AF346687D182D95` (`created_by_user_id`),
  KEY `IDX_3AF346682793CC5E` (`updated_by_user_id`),
  CONSTRAINT `FK_3AF346682793CC5E` FOREIGN KEY (`updated_by_user_id`) REFERENCES `users` (`id`) ON DELETE SET NULL,
  CONSTRAINT `FK_3AF346687D182D95` FOREIGN KEY (`created_by_user_id`) REFERENCES `users` (`id`) ON DELETE SET NULL
) ENGINE=InnoDB DEFAULT CHARSET=utf8mb4 COLLATE=utf8mb4_unicode_ci;

--
-- Dumping data for table `categories`
--

INSERT INTO `categories` VALUES ('2d6c5097-389d-4fb3-beb7-b47f51af9aec','ea59ea17-5cc4-4e39-9738-7756f826cf94','ea59ea17-5cc4-4e39-9738-7756f826cf94','Gardening Tools','2022-01-28 12:59:39','2022-01-28 12:59:39'),('5bd84813-1584-40ff-87af-e2b51bab9e16','ea59ea17-5cc4-4e39-9738-7756f826cf94','de6976a3-2a24-4c74-ba96-d7c44c3b9b93','Power Tools','2022-01-28 12:59:39','2022-01-28 12:59:39'),('fa4ab8a6-8efe-49f0-88e5-2c3a08a08672','de6976a3-2a24-4c74-ba96-d7c44c3b9b93','de6976a3-2a24-4c74-ba96-d7c44c3b9b93','Hand Tools','2022-01-28 12:59:39','2022-01-28 12:59:39');

--
-- Table structure for table `ext_log_entries`
--

CREATE TABLE `ext_log_entries` (
  `id` int(11) NOT NULL AUTO_INCREMENT,
  `action` varchar(8) COLLATE utf8mb4_unicode_ci NOT NULL,
  `logged_at` datetime NOT NULL,
  `object_id` varchar(64) COLLATE utf8mb4_unicode_ci DEFAULT NULL,
  `object_class` varchar(191) COLLATE utf8mb4_unicode_ci NOT NULL,
  `version` int(11) NOT NULL,
  `data` longtext COLLATE utf8mb4_unicode_ci COMMENT '(DC2Type:array)',
  `username` varchar(191) COLLATE utf8mb4_unicode_ci DEFAULT NULL,
  PRIMARY KEY (`id`),
  KEY `log_class_lookup_idx` (`object_class`),
  KEY `log_date_lookup_idx` (`logged_at`),
  KEY `log_user_lookup_idx` (`username`),
  KEY `log_version_lookup_idx` (`object_id`,`object_class`,`version`)
) ENGINE=InnoDB DEFAULT CHARSET=utf8mb4 COLLATE=utf8mb4_unicode_ci ROW_FORMAT=DYNAMIC;

--
-- Dumping data for table `ext_log_entries`
--


--
-- Table structure for table `item_attachments`
--

CREATE TABLE `item_attachments` (
  `id` varchar(255) COLLATE utf8mb4_unicode_ci NOT NULL,
  `attachment_id` varchar(255) COLLATE utf8mb4_unicode_ci DEFAULT NULL,
  `created_by_user_id` varchar(255) COLLATE utf8mb4_unicode_ci DEFAULT NULL,
  `updated_by_user_id` varchar(255) COLLATE utf8mb4_unicode_ci DEFAULT NULL,
  `item_id` varchar(255) COLLATE utf8mb4_unicode_ci DEFAULT NULL,
  PRIMARY KEY (`id`),
  UNIQUE KEY `UNIQ_A7ACA2E0464E68B` (`attachment_id`),
  KEY `IDX_A7ACA2E07D182D95` (`created_by_user_id`),
  KEY `IDX_A7ACA2E02793CC5E` (`updated_by_user_id`),
  KEY `IDX_A7ACA2E0126F525E` (`item_id`),
  CONSTRAINT `FK_A7ACA2E0126F525E` FOREIGN KEY (`item_id`) REFERENCES `items` (`id`),
  CONSTRAINT `FK_A7ACA2E02793CC5E` FOREIGN KEY (`updated_by_user_id`) REFERENCES `users` (`id`) ON DELETE SET NULL,
  CONSTRAINT `FK_A7ACA2E0464E68B` FOREIGN KEY (`attachment_id`) REFERENCES `attachments` (`id`),
  CONSTRAINT `FK_A7ACA2E07D182D95` FOREIGN KEY (`created_by_user_id`) REFERENCES `users` (`id`) ON DELETE SET NULL
) ENGINE=InnoDB DEFAULT CHARSET=utf8mb4 COLLATE=utf8mb4_unicode_ci;

--
-- Dumping data for table `item_attachments`
--


--
-- Table structure for table `items`
--

CREATE TABLE `items` (
  `id` varchar(255) COLLATE utf8mb4_unicode_ci NOT NULL,
  `created_by_user_id` varchar(255) COLLATE utf8mb4_unicode_ci DEFAULT NULL,
  `updated_by_user_id` varchar(255) COLLATE utf8mb4_unicode_ci DEFAULT NULL,
  `category_id` varchar(255) COLLATE utf8mb4_unicode_ci DEFAULT NULL,
  `location_id` varchar(255) COLLATE utf8mb4_unicode_ci DEFAULT NULL,
  `name` varchar(255) COLLATE utf8mb4_unicode_ci NOT NULL,
  `make` varchar(255) COLLATE utf8mb4_unicode_ci DEFAULT NULL,
  `model` varchar(255) COLLATE utf8mb4_unicode_ci DEFAULT NULL,
  `serial` varchar(255) COLLATE utf8mb4_unicode_ci DEFAULT NULL,
  `description` longtext COLLATE utf8mb4_unicode_ci,
  `purchase_price` int(11) DEFAULT NULL,
  `replacement_cost` int(11) DEFAULT NULL,
  `created` datetime DEFAULT NULL,
  `updated` datetime DEFAULT NULL,
  PRIMARY KEY (`id`),
  KEY `IDX_E11EE94D7D182D95` (`created_by_user_id`),
  KEY `IDX_E11EE94D2793CC5E` (`updated_by_user_id`),
  KEY `IDX_E11EE94D12469DE2` (`category_id`),
  KEY `IDX_E11EE94D64D218E` (`location_id`),
  CONSTRAINT `FK_E11EE94D12469DE2` FOREIGN KEY (`category_id`) REFERENCES `categories` (`id`) ON DELETE SET NULL,
  CONSTRAINT `FK_E11EE94D2793CC5E` FOREIGN KEY (`updated_by_user_id`) REFERENCES `users` (`id`) ON DELETE SET NULL,
  CONSTRAINT `FK_E11EE94D64D218E` FOREIGN KEY (`location_id`) REFERENCES `locations` (`id`) ON DELETE SET NULL,
  CONSTRAINT `FK_E11EE94D7D182D95` FOREIGN KEY (`created_by_user_id`) REFERENCES `users` (`id`) ON DELETE SET NULL
) ENGINE=InnoDB DEFAULT CHARSET=utf8mb4 COLLATE=utf8mb4_unicode_ci;

--
-- Dumping data for table `items`
--

INSERT INTO `items` VALUES ('025b36bb-257c-4f25-91c0-b87b967f5ede','ea59ea17-5cc4-4e39-9738-7756f826cf94','ea59ea17-5cc4-4e39-9738-7756f826cf94','5bd84813-1584-40ff-87af-e2b51bab9e16','3d0238dc-7d7e-4464-b861-bc1daa3c05f3','ondricka','Connelly PLC','torp','72972429945655320572','I wonder?\' Alice guessed who it was, even before she got to grow larger again, and put it to his son, \'I feared it might end, you know,\' the Mock Turtle interrupted, \'if you don\'t even know what.',2513,4693,'2022-01-28 12:59:39','2022-01-28 12:59:39'),('047e9818-062f-4378-b43f-c8c046d11e5d','de6976a3-2a24-4c74-ba96-d7c44c3b9b93','de6976a3-2a24-4c74-ba96-d7c44c3b9b93','2d6c5097-389d-4fb3-beb7-b47f51af9aec','2afb986a-79aa-48b6-8279-28423d67b714','ledner','Stehr LLC','upton','19366522IQ85F39DYQ4I8NC0','The players all played at once set to partners--\' \'--change lobsters, and retire in same order,\' continued the King. The White Rabbit blew three blasts on the ground as she ran. \'How surprised he\'ll.',1369,4081,'2022-01-28 12:59:39','2022-01-28 12:59:39'),('05336a22-f3a5-41c1-ab2a-ec342887c4a0','de6976a3-2a24-4c74-ba96-d7c44c3b9b93','de6976a3-2a24-4c74-ba96-d7c44c3b9b93','fa4ab8a6-8efe-49f0-88e5-2c3a08a08672','a7e9ab37-571a-46ee-a0f2-9f9022ca5a0f','conroy','Medhurst Inc','muller','65613587346937383984','King. \'Nothing whatever,\' said Alice. \'Of course it was,\' said the Footman. \'That\'s the reason they\'re called lessons,\' the Gryphon went on again:-- \'You may go,\' said the Dormouse; \'VERY ill.\'.',3983,4113,'2022-01-28 12:59:39','2022-01-28 12:59:39'),('07a2140c-1691-4e1f-a5bd-94b0bc5b3a5e','de6976a3-2a24-4c74-ba96-d7c44c3b9b93','ea59ea17-5cc4-4e39-9738-7756f826cf94','fa4ab8a6-8efe-49f0-88e5-2c3a08a08672','2afb986a-79aa-48b6-8279-28423d67b714','cummings','Bednar, Simonis and Roberts','mertz','10XHOJ4VKIP60Q51I2V1','Alice severely. \'What are they doing?\' Alice whispered to the Mock Turtle had just begun to dream that she was talking. \'How CAN I have ordered\'; and she said to the end: then stop.\' These were the.',3054,3415,'2022-01-28 12:59:39','2022-01-28 12:59:39'),('0932cef6-0218-4814-ba70-3bbe5bba6116','de6976a3-2a24-4c74-ba96-d7c44c3b9b93','ea59ea17-5cc4-4e39-9738-7756f826cf94','fa4ab8a6-8efe-49f0-88e5-2c3a08a08672','3d0238dc-7d7e-4464-b861-bc1daa3c05f3','olson','Lind, Reynolds and Sipes','bergstrom','8473T6YYH6R4ZX218U4J76','I\'m a hatter.\' Here the Dormouse go on with the tarts, you know--\' \'But, it goes on \"THEY ALL RETURNED FROM HIM TO YOU,\"\' said Alice. \'Oh, don\'t talk about her and to wonder what CAN have happened.',4403,1911,'2022-01-28 12:59:39','2022-01-28 12:59:39'),('1155d02e-e901-479d-87ac-febeabc49fb4','de6976a3-2a24-4c74-ba96-d7c44c3b9b93','de6976a3-2a24-4c74-ba96-d7c44c3b9b93','5bd84813-1584-40ff-87af-e2b51bab9e16','a7e9ab37-571a-46ee-a0f2-9f9022ca5a0f','hermann','Kshlerin Group','crooks','61638074LQBE82RSS5DV','Duchess, as she added, to herself, \'I don\'t know one,\' said Alice, \'how am I to get her head down to the croquet-ground. The other guests had taken advantage of the busy farm-yard--while the lowing.',1916,2714,'2022-01-28 12:59:39','2022-01-28 12:59:39'),('1368fd7d-1a98-4b7f-a9c0-df09dba0e91a','ea59ea17-5cc4-4e39-9738-7756f826cf94','de6976a3-2a24-4c74-ba96-d7c44c3b9b93','2d6c5097-389d-4fb3-beb7-b47f51af9aec','a7e9ab37-571a-46ee-a0f2-9f9022ca5a0f','stroman','Cummerata Ltd','corkery','819046791634127','King, and the beak-- Pray how did you ever see such a hurry that she never knew whether it would be so kind,\' Alice replied, rather shyly, \'I--I hardly know, sir, just at first, perhaps,\' said the.',658,4914,'2022-01-28 12:59:39','2022-01-28 12:59:39'),('16366a3d-602b-4915-a868-23857f0abb60','de6976a3-2a24-4c74-ba96-d7c44c3b9b93','ea59ea17-5cc4-4e39-9738-7756f826cf94','2d6c5097-389d-4fb3-beb7-b47f51af9aec','2afb986a-79aa-48b6-8279-28423d67b714','jenkins','Schneider LLC','kihn','658192401125283992114359H0','Duchess, \'as pigs have to whisper a hint to Time, and round the hall, but they were trying which word sounded best. Some of the wood--(she considered him to you, Though they were gardeners, or.',3709,3323,'2022-01-28 12:59:39','2022-01-28 12:59:39'),('173f8afb-3cee-4ca9-8fc2-33db09ab8ad7','de6976a3-2a24-4c74-ba96-d7c44c3b9b93','de6976a3-2a24-4c74-ba96-d7c44c3b9b93','fa4ab8a6-8efe-49f0-88e5-2c3a08a08672','3d0238dc-7d7e-4464-b861-bc1daa3c05f3','feil','Jones-Shields','veum','87754916761','Alice, (she had kept a piece of evidence we\'ve heard yet,\' said the Mock Turtle, \'Drive on, old fellow! Don\'t be all day about it!\' and he went on, \'I must be really offended. \'We won\'t talk about.',2661,4517,'2022-01-28 12:59:39','2022-01-28 12:59:39'),('17e6042a-9657-4296-b2cb-f88f7345979f','de6976a3-2a24-4c74-ba96-d7c44c3b9b93','de6976a3-2a24-4c74-ba96-d7c44c3b9b93','fa4ab8a6-8efe-49f0-88e5-2c3a08a08672','2afb986a-79aa-48b6-8279-28423d67b714','hickle','Kulas PLC','stokes','264YX6424449476W','SHE, of course,\' said the Hatter, and, just as well. The twelve jurors were writing down \'stupid things!\' on their slates, \'SHE doesn\'t believe there\'s an atom of meaning in them, after all. I.',1511,4076,'2022-01-28 12:59:39','2022-01-28 12:59:39'),('180e12a1-3e79-4c39-b823-f16537b7c237','ea59ea17-5cc4-4e39-9738-7756f826cf94','de6976a3-2a24-4c74-ba96-d7c44c3b9b93','fa4ab8a6-8efe-49f0-88e5-2c3a08a08672','2afb986a-79aa-48b6-8279-28423d67b714','okeefe','Will-Harber','mcclure','I96YZLKLNE10QX0049B4B3','And pour the waters of the game, the Queen said--\' \'Get to your places!\' shouted the Queen said--\' \'Get to your places!\' shouted the Queen. \'Well, I should frighten them out again. The Mock Turtle.',3468,3763,'2022-01-28 12:59:39','2022-01-28 12:59:39'),('18b1041f-71bb-4f19-aa2e-da6696b0c06d','ea59ea17-5cc4-4e39-9738-7756f826cf94','de6976a3-2a24-4c74-ba96-d7c44c3b9b93','5bd84813-1584-40ff-87af-e2b51bab9e16','2afb986a-79aa-48b6-8279-28423d67b714','howe','Kuhn, Daugherty and Emard','reichert','204828212460479593','Pigeon. \'I\'m NOT a serpent!\' said Alice doubtfully: \'it means--to--make--anything--prettier.\' \'Well, then,\' the Gryphon interrupted in a rather offended tone, \'Hm! No accounting for tastes! Sing her.',909,2233,'2022-01-28 12:59:39','2022-01-28 12:59:39'),('19e3b587-59de-45dd-a36e-66a0ccd722dc','de6976a3-2a24-4c74-ba96-d7c44c3b9b93','ea59ea17-5cc4-4e39-9738-7756f826cf94','fa4ab8a6-8efe-49f0-88e5-2c3a08a08672','3d0238dc-7d7e-4464-b861-bc1daa3c05f3','goodwin','Glover, Borer and Gleason','collier','R9495251543ZWA047PVO979U15','Mock Turtle said with some difficulty, as it went. So she tucked it away under her arm, and timidly said \'Consider, my dear: she is of yours.\"\' \'Oh, I know!\' exclaimed Alice, who felt very glad she.',2882,2576,'2022-01-28 12:59:39','2022-01-28 12:59:39'),('1d4b7ab0-55c4-4e80-9e27-ab0c376178d0','ea59ea17-5cc4-4e39-9738-7756f826cf94','ea59ea17-5cc4-4e39-9738-7756f826cf94','2d6c5097-389d-4fb3-beb7-b47f51af9aec','3d0238dc-7d7e-4464-b861-bc1daa3c05f3','thompson','Fahey, Gusikowski and Moore','hauck','668429712N1ZKQ83K7I','Majesty,\' said the Caterpillar contemptuously. \'Who are YOU?\' Which brought them back again to the dance. Would not, could not, could not, would not, could not, would not, could not, could not.',3290,4718,'2022-01-28 12:59:39','2022-01-28 12:59:39'),('25970db2-5182-44b3-9988-ffe81e8baaea','de6976a3-2a24-4c74-ba96-d7c44c3b9b93','ea59ea17-5cc4-4e39-9738-7756f826cf94','fa4ab8a6-8efe-49f0-88e5-2c3a08a08672','2afb986a-79aa-48b6-8279-28423d67b714','wolff','Graham, Abernathy and Schoen','hegmann','81789V8S1RW0956A76NE98','The King and the beak-- Pray how did you ever eat a bat?\' when suddenly, thump! thump! down she came upon a little animal (she couldn\'t guess of what sort it was) scratching and scrambling about in.',4397,3429,'2022-01-28 12:59:39','2022-01-28 12:59:39'),('272e28d7-7064-49bb-acf2-0c76283cc5b0','ea59ea17-5cc4-4e39-9738-7756f826cf94','de6976a3-2a24-4c74-ba96-d7c44c3b9b93','fa4ab8a6-8efe-49f0-88e5-2c3a08a08672','a7e9ab37-571a-46ee-a0f2-9f9022ca5a0f','schowalter','Hodkiewicz-Gorczany','baumbach','99009399058859827','The jury all brightened up again.) \'Please your Majesty,\' said Two, in a moment: she looked back once or twice, and shook itself. Then it got down off the top of his head. But at any rate, the.',3224,4242,'2022-01-28 12:59:39','2022-01-28 12:59:39'),('27473223-7bc4-4480-9982-3a47755b3a95','de6976a3-2a24-4c74-ba96-d7c44c3b9b93','de6976a3-2a24-4c74-ba96-d7c44c3b9b93','5bd84813-1584-40ff-87af-e2b51bab9e16','3d0238dc-7d7e-4464-b861-bc1daa3c05f3','cremin','Pollich, Harvey and Hessel','gibson','4567286724LYIZH62OZH22UFH','Five! Don\'t go splashing paint over me like that!\' said Alice a little bit of the reeds--the rattling teacups would change (she knew) to the shore, and then unrolled the parchment scroll, and read.',4188,3694,'2022-01-28 12:59:39','2022-01-28 12:59:39'),('29f21eca-fc3a-491f-9107-917530ac2096','de6976a3-2a24-4c74-ba96-d7c44c3b9b93','ea59ea17-5cc4-4e39-9738-7756f826cf94','5bd84813-1584-40ff-87af-e2b51bab9e16','2afb986a-79aa-48b6-8279-28423d67b714','keebler','Heidenreich-Auer','jast','33142268414144849','I\'m better now--but I\'m a deal too far off to other parts of the ground.\' So she sat still and said to herself; \'his eyes are so VERY remarkable in that; nor did Alice think it so quickly that the.',4208,4504,'2022-01-28 12:59:39','2022-01-28 12:59:39'),('2ed653ef-9bed-4039-b91c-eae1f224801e','de6976a3-2a24-4c74-ba96-d7c44c3b9b93','de6976a3-2a24-4c74-ba96-d7c44c3b9b93','5bd84813-1584-40ff-87af-e2b51bab9e16','2afb986a-79aa-48b6-8279-28423d67b714','ritchie','Keebler-Nader','brown','39010980856705973','I hadn\'t begun my tea--not above a week or so--and what with the Queen,\' and she looked up, and there was generally a ridge or furrow in the newspapers, at the mushroom (she had grown up,\' she said.',4749,2509,'2022-01-28 12:59:39','2022-01-28 12:59:39'),('312e87c7-c1d0-46de-84d3-03408780d9e7','ea59ea17-5cc4-4e39-9738-7756f826cf94','de6976a3-2a24-4c74-ba96-d7c44c3b9b93','5bd84813-1584-40ff-87af-e2b51bab9e16','3d0238dc-7d7e-4464-b861-bc1daa3c05f3','kovacek','Trantow, Kautzer and Littel','hand','G18RPZM2205247QEU4JIQ','The Antipathies, I think--\' (for, you see, as they all looked puzzled.) \'He must have been that,\' said the Cat, \'a dog\'s not mad. You grant that?\' \'I suppose they are the jurors.\' She said this she.',2371,519,'2022-01-28 12:59:39','2022-01-28 12:59:39'),('33755b39-ded0-4334-904e-4c411db56a2a','de6976a3-2a24-4c74-ba96-d7c44c3b9b93','de6976a3-2a24-4c74-ba96-d7c44c3b9b93','5bd84813-1584-40ff-87af-e2b51bab9e16','a7e9ab37-571a-46ee-a0f2-9f9022ca5a0f','corkery','Ernser-Boyle','hessel','273133854714182607','Alice in a tone of great curiosity. \'Soles and eels, of course,\' he said to herself \'This is Bill,\' she gave one sharp kick, and waited to see how he did it,) he did it,) he did not get dry very.',99,4310,'2022-01-28 12:59:39','2022-01-28 12:59:39'),('365a2959-b896-452d-95f3-5764103e8316','de6976a3-2a24-4c74-ba96-d7c44c3b9b93','ea59ea17-5cc4-4e39-9738-7756f826cf94','2d6c5097-389d-4fb3-beb7-b47f51af9aec','3d0238dc-7d7e-4464-b861-bc1daa3c05f3','schneider','McClure, Daugherty and Doyle','kassulke','56874175480614403136920','I\'ll manage better this time,\' she said, \'for her hair goes in such long ringlets, and mine doesn\'t go in ringlets at all; however, she again heard a little anxiously. \'Yes,\' said Alice to find my.',4068,4688,'2022-01-28 12:59:39','2022-01-28 12:59:39'),('37549143-891e-4eab-b8f1-5ddd9ff81ddc','ea59ea17-5cc4-4e39-9738-7756f826cf94','de6976a3-2a24-4c74-ba96-d7c44c3b9b93','5bd84813-1584-40ff-87af-e2b51bab9e16','2afb986a-79aa-48b6-8279-28423d67b714','conn','Schumm-Kuhn','smitham','URGZ099754BG69DL41318B83VJ8','Alice crouched down among the people near the door and found herself in a low voice, to the door, staring stupidly up into the air. \'--as far out to her great delight it fitted! Alice opened the.',1479,1019,'2022-01-28 12:59:39','2022-01-28 12:59:39'),('37f83cd8-f4df-4c9d-8a6a-a1101ab8d35f','ea59ea17-5cc4-4e39-9738-7756f826cf94','de6976a3-2a24-4c74-ba96-d7c44c3b9b93','5bd84813-1584-40ff-87af-e2b51bab9e16','2afb986a-79aa-48b6-8279-28423d67b714','fadel','Lind, Robel and Feil','deckow','8790203805594','March Hare. Visit either you like: they\'re both mad.\' \'But I don\'t know,\' he went on eagerly. \'That\'s enough about lessons,\' the Gryphon only answered \'Come on!\' and ran till she was getting quite.',4780,4168,'2022-01-28 12:59:39','2022-01-28 12:59:39'),('3a330bb6-2602-484e-b5a2-84279f3a9e24','de6976a3-2a24-4c74-ba96-d7c44c3b9b93','de6976a3-2a24-4c74-ba96-d7c44c3b9b93','5bd84813-1584-40ff-87af-e2b51bab9e16','a7e9ab37-571a-46ee-a0f2-9f9022ca5a0f','thiel','Wyman PLC','swift','DE60798411143100191238','Five! Don\'t go splashing paint over me like a candle. I wonder what they WILL do next! As for pulling me out of the what?\' said the Dormouse, after thinking a minute or two, which gave the Pigeon.',4035,4527,'2022-01-28 12:59:39','2022-01-28 12:59:39'),('46e41c0b-437c-4f49-a7ef-20c95d0367ed','de6976a3-2a24-4c74-ba96-d7c44c3b9b93','ea59ea17-5cc4-4e39-9738-7756f826cf94','2d6c5097-389d-4fb3-beb7-b47f51af9aec','2afb986a-79aa-48b6-8279-28423d67b714','brown','Stroman and Sons','batz','HN8V41O3IUV5J1O387J1F3G','Alice. \'It goes on, you know,\' the Hatter continued, \'in this way:-- \"Up above the world am I? Ah, THAT\'S the great hall, with the strange creatures of her favourite word \'moral,\' and the little.',1596,1989,'2022-01-28 12:59:39','2022-01-28 12:59:39'),('4ba12089-edba-4d46-9f29-a1b272b70acd','de6976a3-2a24-4c74-ba96-d7c44c3b9b93','ea59ea17-5cc4-4e39-9738-7756f826cf94','2d6c5097-389d-4fb3-beb7-b47f51af9aec','a7e9ab37-571a-46ee-a0f2-9f9022ca5a0f','zieme','Balistreri LLC','glover','30N688M8548EQWRS048','HATED cats: nasty, low, vulgar things! Don\'t let me hear the rattle of the trees as well as if she could have been that,\' said Alice. \'I\'ve tried every way, and then added them up, and there was.',4233,3844,'2022-01-28 12:59:39','2022-01-28 12:59:39'),('4d917005-00fc-478a-8d1b-34a83c673990','ea59ea17-5cc4-4e39-9738-7756f826cf94','ea59ea17-5cc4-4e39-9738-7756f826cf94','fa4ab8a6-8efe-49f0-88e5-2c3a08a08672','2afb986a-79aa-48b6-8279-28423d67b714','bosco','Runte-Rogahn','koelpin','69XX4370247652272750','Dormouse, not choosing to notice this last word two or three of the soldiers had to stoop to save her neck from being run over; and the beak-- Pray how did you manage to do THAT in a low, timid.',2628,2496,'2022-01-28 12:59:39','2022-01-28 12:59:39'),('509db55b-ab04-4afa-b457-a3bec37d59ff','de6976a3-2a24-4c74-ba96-d7c44c3b9b93','ea59ea17-5cc4-4e39-9738-7756f826cf94','2d6c5097-389d-4fb3-beb7-b47f51af9aec','a7e9ab37-571a-46ee-a0f2-9f9022ca5a0f','rogahn','West Inc','okuneva','K6722635719141528823246','And with that she ran off at once: one old Magpie began wrapping itself up very carefully, with one finger pressed upon its forehead (the position in dancing.\' Alice said; \'there\'s a large one, but.',2574,2529,'2022-01-28 12:59:39','2022-01-28 12:59:39'),('50ac1529-27f8-447a-b5e3-335fc6fe1798','de6976a3-2a24-4c74-ba96-d7c44c3b9b93','de6976a3-2a24-4c74-ba96-d7c44c3b9b93','fa4ab8a6-8efe-49f0-88e5-2c3a08a08672','3d0238dc-7d7e-4464-b861-bc1daa3c05f3','gutkowski','Mitchell, Schuppe and Gleason','brekke','5492361253627562465','King triumphantly, pointing to the croquet-ground. The other guests had taken advantage of the bottle was a long silence after this, and Alice looked round, eager to see if she had finished, her.',1674,4150,'2022-01-28 12:59:39','2022-01-28 12:59:39'),('524ed840-869c-4db2-847d-396f911b0575','de6976a3-2a24-4c74-ba96-d7c44c3b9b93','de6976a3-2a24-4c74-ba96-d7c44c3b9b93','5bd84813-1584-40ff-87af-e2b51bab9e16','a7e9ab37-571a-46ee-a0f2-9f9022ca5a0f','luettgen','Jakubowski-Schmeler','flatley','4655911482392266015949','WHAT are you?\' And then a row of lamps hanging from the sky! Ugh, Serpent!\' \'But I\'m NOT a serpent, I tell you!\' said Alice. \'What sort of chance of her sister, who was gently brushing away some.',2302,2365,'2022-01-28 12:59:39','2022-01-28 12:59:39'),('53506341-6758-4bf0-8ef4-519e7b59df5d','de6976a3-2a24-4c74-ba96-d7c44c3b9b93','de6976a3-2a24-4c74-ba96-d7c44c3b9b93','2d6c5097-389d-4fb3-beb7-b47f51af9aec','3d0238dc-7d7e-4464-b861-bc1daa3c05f3','nienow','Collier-Walker','marvin','MQM21143917CDSD5F','Rabbit\'s voice; and the jury consider their verdict,\' the King said to herself, \'if one only knew the meaning of half those long words, and, what\'s more, I don\'t want YOU with us!\"\' \'They were.',2102,1301,'2022-01-28 12:59:39','2022-01-28 12:59:39'),('58ffb880-dd49-4991-9972-64542f32dbb6','ea59ea17-5cc4-4e39-9738-7756f826cf94','de6976a3-2a24-4c74-ba96-d7c44c3b9b93','5bd84813-1584-40ff-87af-e2b51bab9e16','a7e9ab37-571a-46ee-a0f2-9f9022ca5a0f','jast','Runte Group','heller','ENV97L4O25D5J3V80L06598','Hatter. \'You might just as usual. I wonder if I was, I shouldn\'t like THAT!\' \'Oh, you foolish Alice!\' she answered herself. \'How can you learn lessons in here? Why, there\'s hardly enough of me left.',3351,3849,'2022-01-28 12:59:39','2022-01-28 12:59:39'),('5a6cb01a-8a27-40b6-98ea-fc7270029482','de6976a3-2a24-4c74-ba96-d7c44c3b9b93','ea59ea17-5cc4-4e39-9738-7756f826cf94','5bd84813-1584-40ff-87af-e2b51bab9e16','2afb986a-79aa-48b6-8279-28423d67b714','goodwin','Schoen LLC','fay','E047409900447079617715','Dormouse, who seemed to listen, the whole party swam to the Mock Turtle. \'Certainly not!\' said Alice very humbly: \'you had got to see what would happen next. First, she dreamed of little animals and.',4522,4680,'2022-01-28 12:59:39','2022-01-28 12:59:39'),('6465f69b-644c-4ecf-994d-477e0f83b990','de6976a3-2a24-4c74-ba96-d7c44c3b9b93','de6976a3-2a24-4c74-ba96-d7c44c3b9b93','2d6c5097-389d-4fb3-beb7-b47f51af9aec','a7e9ab37-571a-46ee-a0f2-9f9022ca5a0f','bechtelar','Schmeler PLC','hayes','4108577140381473835550C0','CHAPTER VIII. The Queen\'s argument was, that anything that had made her draw back in a loud, indignant voice, but she stopped hastily, for the baby, the shriek of the ground--and I should like to go.',3382,4698,'2022-01-28 12:59:39','2022-01-28 12:59:39'),('6750be04-b120-4f89-8ded-53ee4a5edd85','ea59ea17-5cc4-4e39-9738-7756f826cf94','ea59ea17-5cc4-4e39-9738-7756f826cf94','fa4ab8a6-8efe-49f0-88e5-2c3a08a08672','a7e9ab37-571a-46ee-a0f2-9f9022ca5a0f','watsica','Walsh, Leannon and Schuster','bashirian','48CAQE4X24B3BB184XMMR','Bill had left off when they had to stoop to save her neck kept getting entangled among the trees, a little timidly: \'but it\'s no use their putting their heads down! I am to see if she had plenty of.',1082,1065,'2022-01-28 12:59:39','2022-01-28 12:59:39'),('682b8a14-93c1-4701-94db-c93b8b2fdb90','ea59ea17-5cc4-4e39-9738-7756f826cf94','de6976a3-2a24-4c74-ba96-d7c44c3b9b93','fa4ab8a6-8efe-49f0-88e5-2c3a08a08672','2afb986a-79aa-48b6-8279-28423d67b714','hermiston','Kshlerin, Ullrich and Spencer','swaniawski','IS927938839815681577352159','I\'ll set Dinah at you!\' There was nothing else to do, and in his sleep, \'that \"I breathe when I sleep\" is the capital of Paris, and Paris is the use of repeating all that green stuff be?\' said.',4919,1685,'2022-01-28 12:59:39','2022-01-28 12:59:39'),('6c1467ff-bd24-44b7-8e46-855ac30a472b','de6976a3-2a24-4c74-ba96-d7c44c3b9b93','de6976a3-2a24-4c74-ba96-d7c44c3b9b93','5bd84813-1584-40ff-87af-e2b51bab9e16','3d0238dc-7d7e-4464-b861-bc1daa3c05f3','kulas','Haley, Cronin and Johns','bradtke','193852049870326248691','And then, turning to Alice, flinging the baby joined):-- \'Wow! wow! wow!\' \'Here! you may nurse it a bit, if you don\'t know what you like,\' said the Dormouse; \'--well in.\' This answer so confused.',4057,3757,'2022-01-28 12:59:39','2022-01-28 12:59:39'),('6f489367-4976-463e-bb2d-f44b75313287','de6976a3-2a24-4c74-ba96-d7c44c3b9b93','ea59ea17-5cc4-4e39-9738-7756f826cf94','2d6c5097-389d-4fb3-beb7-b47f51af9aec','2afb986a-79aa-48b6-8279-28423d67b714','nolan','Hansen and Sons','daniel','942633300I15N7949XR20GMMV9','When the Mouse to tell him. \'A nice muddle their slates\'ll be in Bill\'s place for a long time with the words \'EAT ME\' were beautifully marked in currants. \'Well, I\'ll eat it,\' said Alice. \'Who\'s.',4973,4923,'2022-01-28 12:59:39','2022-01-28 12:59:39'),('76787360-d3a9-4966-9042-56ade0c96fb4','ea59ea17-5cc4-4e39-9738-7756f826cf94','de6976a3-2a24-4c74-ba96-d7c44c3b9b93','2d6c5097-389d-4fb3-beb7-b47f51af9aec','3d0238dc-7d7e-4464-b861-bc1daa3c05f3','turner','Larson PLC','feil','9236343617759957658','I\'m doubtful about the same solemn tone, only changing the order of the deepest contempt. \'I\'ve seen hatters before,\' she said to one of them even when they hit her; and the Gryphon said to herself.',396,2715,'2022-01-28 12:59:39','2022-01-28 12:59:39'),('77957024-98e4-435d-aeb1-c5418a1dd64d','ea59ea17-5cc4-4e39-9738-7756f826cf94','ea59ea17-5cc4-4e39-9738-7756f826cf94','2d6c5097-389d-4fb3-beb7-b47f51af9aec','2afb986a-79aa-48b6-8279-28423d67b714','brekke','Kihn Ltd','bednar','CH334700933967G8J4V08','I should understand that better,\' Alice said to herself. \'Of the mushroom,\' said the Duchess, \'as pigs have to ask any more if you\'d like it very nice, (it had, in fact, a sort of present!\' thought.',1144,215,'2022-01-28 12:59:39','2022-01-28 12:59:39'),('7aee25d2-bf60-49a1-aa13-7ece6d11a9d1','de6976a3-2a24-4c74-ba96-d7c44c3b9b93','ea59ea17-5cc4-4e39-9738-7756f826cf94','fa4ab8a6-8efe-49f0-88e5-2c3a08a08672','3d0238dc-7d7e-4464-b861-bc1daa3c05f3','ankunding','Swaniawski-Kozey','borer','139738432G63QREA01F92','So they went on so long since she had brought herself down to nine inches high. CHAPTER VI. Pig and Pepper For a minute or two, which gave the Pigeon the opportunity of taking it away. She did it at.',1890,3698,'2022-01-28 12:59:39','2022-01-28 12:59:39'),('7e44871b-b483-4166-8691-fb37752e0776','de6976a3-2a24-4c74-ba96-d7c44c3b9b93','de6976a3-2a24-4c74-ba96-d7c44c3b9b93','5bd84813-1584-40ff-87af-e2b51bab9e16','2afb986a-79aa-48b6-8279-28423d67b714','zieme','Prosacco Ltd','stiedemann','91DXUQ9Y7S0JO45AETA','MILE HIGH TO LEAVE THE COURT.\' Everybody looked at them with large eyes like a tunnel for some minutes. The Caterpillar was the only one who had been to the Duchess: \'and the moral of that is--\"The.',2756,3829,'2022-01-28 12:59:39','2022-01-28 12:59:39'),('81739752-59c8-445b-a595-1649708f1ace','ea59ea17-5cc4-4e39-9738-7756f826cf94','de6976a3-2a24-4c74-ba96-d7c44c3b9b93','5bd84813-1584-40ff-87af-e2b51bab9e16','3d0238dc-7d7e-4464-b861-bc1daa3c05f3','kessler','Leuschke-Daugherty','oconnell','648638229533','After a while, finding that nothing more to do it.\' (And, as you go to law: I will prosecute YOU.--Come, I\'ll take no denial; We must have imitated somebody else\'s hand,\' said the Rabbit began.',3874,2559,'2022-01-28 12:59:39','2022-01-28 12:59:39'),('81bbc838-7ff2-4c53-ae2c-6e188b5ff72f','de6976a3-2a24-4c74-ba96-d7c44c3b9b93','ea59ea17-5cc4-4e39-9738-7756f826cf94','fa4ab8a6-8efe-49f0-88e5-2c3a08a08672','a7e9ab37-571a-46ee-a0f2-9f9022ca5a0f','walsh','Bogan LLC','goldner','R9404889814074M56319FVSI23','March Hare. Visit either you like: they\'re both mad.\' \'But I don\'t care which happens!\' She ate a little animal (she couldn\'t guess of what sort it was) scratching and scrambling about in the same.',996,4917,'2022-01-28 12:59:39','2022-01-28 12:59:39'),('81d89235-6e0a-4dc2-a333-acb5158c4e5e','de6976a3-2a24-4c74-ba96-d7c44c3b9b93','de6976a3-2a24-4c74-ba96-d7c44c3b9b93','fa4ab8a6-8efe-49f0-88e5-2c3a08a08672','a7e9ab37-571a-46ee-a0f2-9f9022ca5a0f','heaney','Purdy Ltd','johnson','R4029061081YXKNJWI5JMRP41','March Hare and the baby joined):-- \'Wow! wow! wow!\' While the Panther received knife and fork with a knife, it usually bleeds; and she felt that this could not taste theirs, and the others all.',3483,2553,'2022-01-28 12:59:39','2022-01-28 12:59:39'),('84357679-a4ac-46ef-8ef8-37ab4c866a8e','de6976a3-2a24-4c74-ba96-d7c44c3b9b93','de6976a3-2a24-4c74-ba96-d7c44c3b9b93','5bd84813-1584-40ff-87af-e2b51bab9e16','3d0238dc-7d7e-4464-b861-bc1daa3c05f3','doyle','Erdman-Wiza','fadel','972691962324SK0BD51NV6110','VERY long claws and a large cat which was full of soup. \'There\'s certainly too much overcome to do so. \'Shall we try another figure of the words a little, and then unrolled the parchment scroll, and.',3309,2731,'2022-01-28 12:59:39','2022-01-28 12:59:39'),('84848ca0-a3b2-4f27-820c-d52b44f895b2','de6976a3-2a24-4c74-ba96-d7c44c3b9b93','de6976a3-2a24-4c74-ba96-d7c44c3b9b93','2d6c5097-389d-4fb3-beb7-b47f51af9aec','2afb986a-79aa-48b6-8279-28423d67b714','schimmel','Price PLC','bradtke','962913Z7K8R8KRWF9A2I7P86J5','Queen in front of the bottle was NOT marked \'poison,\' it is almost certain to disagree with you, sooner or later. However, this bottle was NOT marked \'poison,\' it is you hate--C and D,\' she added in.',4295,3308,'2022-01-28 12:59:39','2022-01-28 12:59:39'),('863ebdf9-e1c9-407b-a723-c37d3c3aedba','ea59ea17-5cc4-4e39-9738-7756f826cf94','ea59ea17-5cc4-4e39-9738-7756f826cf94','fa4ab8a6-8efe-49f0-88e5-2c3a08a08672','a7e9ab37-571a-46ee-a0f2-9f9022ca5a0f','lakin','Ryan PLC','leuschke','239729939137673613874','They all sat down a good opportunity for croqueting one of the Gryphon, the squeaking of the other side, the puppy made another rush at the end of every line: \'Speak roughly to your places!\' shouted.',4493,830,'2022-01-28 12:59:39','2022-01-28 12:59:39'),('8748d3d6-5c3c-4aa5-9d4a-1dc01049905f','de6976a3-2a24-4c74-ba96-d7c44c3b9b93','ea59ea17-5cc4-4e39-9738-7756f826cf94','5bd84813-1584-40ff-87af-e2b51bab9e16','3d0238dc-7d7e-4464-b861-bc1daa3c05f3','simonis','Denesik-Cassin','satterfield','E0585068234500394850750','Gryphon only answered \'Come on!\' and ran till she was now, and she went on, looking anxiously about as she went back for a minute or two she walked sadly down the little dears came jumping merrily.',703,2686,'2022-01-28 12:59:39','2022-01-28 12:59:39'),('8be9c4a6-b0be-44cd-96bb-c5e60bbfff15','ea59ea17-5cc4-4e39-9738-7756f826cf94','de6976a3-2a24-4c74-ba96-d7c44c3b9b93','fa4ab8a6-8efe-49f0-88e5-2c3a08a08672','2afb986a-79aa-48b6-8279-28423d67b714','lesch','Kihn Group','hand','KVB36P521LDV283H8TA6WM54','Alice. \'Then you may stand down,\' continued the Hatter, it woke up again as she could not tell whether they were all in bed!\' On various pretexts they all spoke at once, she found this a very.',2681,4956,'2022-01-28 12:59:39','2022-01-28 12:59:39'),('8c71589a-9b2c-4fb2-b667-def4d7aa5af0','ea59ea17-5cc4-4e39-9738-7756f826cf94','de6976a3-2a24-4c74-ba96-d7c44c3b9b93','5bd84813-1584-40ff-87af-e2b51bab9e16','2afb986a-79aa-48b6-8279-28423d67b714','orn','Johnson-Reinger','jacobson','FJDF972813HM22NQ9P','They had not the smallest notice of her voice, and the Queen had ordered. They very soon came upon a Gryphon, lying fast asleep in the same thing, you know.\' \'Not the same when I was a queer-shaped.',4388,2410,'2022-01-28 12:59:39','2022-01-28 12:59:39'),('8ea3b8f4-a315-4a0a-b20b-5775d4266d06','ea59ea17-5cc4-4e39-9738-7756f826cf94','ea59ea17-5cc4-4e39-9738-7756f826cf94','5bd84813-1584-40ff-87af-e2b51bab9e16','2afb986a-79aa-48b6-8279-28423d67b714','rice','Kling and Sons','kautzer','943582046232536177396194','But here, to Alice\'s great surprise, the Duchess\'s cook. She carried the pepper-box in her French lesson-book. The Mouse gave a little faster?\" said a sleepy voice behind her. \'Collar that.',3483,4356,'2022-01-28 12:59:39','2022-01-28 12:59:39'),('8f3e4e02-30ca-4e41-9455-31253965fb8b','de6976a3-2a24-4c74-ba96-d7c44c3b9b93','ea59ea17-5cc4-4e39-9738-7756f826cf94','5bd84813-1584-40ff-87af-e2b51bab9e16','a7e9ab37-571a-46ee-a0f2-9f9022ca5a0f','okuneva','Buckridge LLC','mraz','359330970380870','I\'m sure _I_ shan\'t be beheaded!\' \'What for?\' said Alice. \'Off with her head!\' about once in a hurry to get rather sleepy, and went on in the sun. (IF you don\'t know much,\' said Alice, rather.',3501,4230,'2022-01-28 12:59:39','2022-01-28 12:59:39'),('9220e59e-efa1-4150-a430-2b75c8141187','ea59ea17-5cc4-4e39-9738-7756f826cf94','ea59ea17-5cc4-4e39-9738-7756f826cf94','5bd84813-1584-40ff-87af-e2b51bab9e16','a7e9ab37-571a-46ee-a0f2-9f9022ca5a0f','rosenbaum','Dach Inc','fay','240H9POOZ4641A1U37L50K7','I hadn\'t cried so much!\' Alas! it was good practice to say it out again, so she went on, half to itself, half to herself, \'I don\'t think it\'s at all this time. \'I want a clean cup,\' interrupted the.',3597,1341,'2022-01-28 12:59:39','2022-01-28 12:59:39'),('947a8793-e287-422b-a550-2f3844c41fef','de6976a3-2a24-4c74-ba96-d7c44c3b9b93','de6976a3-2a24-4c74-ba96-d7c44c3b9b93','2d6c5097-389d-4fb3-beb7-b47f51af9aec','3d0238dc-7d7e-4464-b861-bc1daa3c05f3','schulist','Lesch-Hirthe','hettinger','OQX6294999892368623542568','Let me think: was I the same thing as a drawing of a well?\' The Dormouse again took a minute or two, she made some tarts, All on a branch of a water-well,\' said the King added in an offended tone.',2941,4537,'2022-01-28 12:59:39','2022-01-28 12:59:39'),('97a94e1e-58cb-4c9d-abff-0dd72c5a8ae9','ea59ea17-5cc4-4e39-9738-7756f826cf94','de6976a3-2a24-4c74-ba96-d7c44c3b9b93','fa4ab8a6-8efe-49f0-88e5-2c3a08a08672','3d0238dc-7d7e-4464-b861-bc1daa3c05f3','west','Gorczany Ltd','stiedemann','8XOLW19679296779400','YOU like cats if you were down here till I\'m somebody else\"--but, oh dear!\' cried Alice, with a shiver. \'I beg your pardon,\' said Alice sharply, for she had not the same, shedding gallons of tears.',3544,1361,'2022-01-28 12:59:39','2022-01-28 12:59:39'),('9d35e9c0-0550-45e6-af65-aa0190645aa6','ea59ea17-5cc4-4e39-9738-7756f826cf94','ea59ea17-5cc4-4e39-9738-7756f826cf94','fa4ab8a6-8efe-49f0-88e5-2c3a08a08672','3d0238dc-7d7e-4464-b861-bc1daa3c05f3','conn','Hane-Johnson','osinski','MKAS3494199628335367514ZKC','Alice; \'all I know all the right words,\' said poor Alice, \'it would have done just as I\'d taken the highest tree in front of them, and considered a little way out of it, and found that her neck.',3704,4963,'2022-01-28 12:59:39','2022-01-28 12:59:39'),('9e389b85-744d-4149-8e65-fca90be7a203','de6976a3-2a24-4c74-ba96-d7c44c3b9b93','de6976a3-2a24-4c74-ba96-d7c44c3b9b93','fa4ab8a6-8efe-49f0-88e5-2c3a08a08672','3d0238dc-7d7e-4464-b861-bc1daa3c05f3','swaniawski','Hirthe-Price','schaden','QKA3956386305310711','Where CAN I have ordered\'; and she thought it would,\' said the Mock Turtle in a voice she had forgotten the words.\' So they went on in the last few minutes, and began singing in its sleep \'Twinkle.',1007,4944,'2022-01-28 12:59:39','2022-01-28 12:59:39'),('a12ab5e7-9b2a-4bfa-a46e-0d29e1875e07','de6976a3-2a24-4c74-ba96-d7c44c3b9b93','ea59ea17-5cc4-4e39-9738-7756f826cf94','5bd84813-1584-40ff-87af-e2b51bab9e16','2afb986a-79aa-48b6-8279-28423d67b714','zemlak','Huel Ltd','johnson','40267298QI3817ZIX9V1TR72','NO mistake about it: it was certainly too much overcome to do it! Oh dear! I\'d nearly forgotten that I\'ve got to do,\' said the Queen, and in THAT direction,\' waving the other birds tittered audibly.',3549,3217,'2022-01-28 12:59:39','2022-01-28 12:59:39'),('a38cb674-dc86-4e4f-9908-2332cf4386ea','ea59ea17-5cc4-4e39-9738-7756f826cf94','de6976a3-2a24-4c74-ba96-d7c44c3b9b93','2d6c5097-389d-4fb3-beb7-b47f51af9aec','2afb986a-79aa-48b6-8279-28423d67b714','bogisich','Hand, Terry and Bogisich','legros','K71IXLU07VVJYGV11TK2R69','Hatter was the Cat said, waving its tail when I\'m angry. Therefore I\'m mad.\' \'I call it sad?\' And she kept fanning herself all the other ladder?--Why, I hadn\'t gone down that rabbit-hole--and.',1404,1297,'2022-01-28 12:59:39','2022-01-28 12:59:39'),('a6b12397-2d3c-4a5e-8693-35f3cff194d0','de6976a3-2a24-4c74-ba96-d7c44c3b9b93','ea59ea17-5cc4-4e39-9738-7756f826cf94','2d6c5097-389d-4fb3-beb7-b47f51af9aec','2afb986a-79aa-48b6-8279-28423d67b714','bayer','Nienow-Boyer','barton','25PVR3X5Y56Z50','There\'s no pleasing them!\' Alice was silent. The Dormouse slowly opened his eyes were nearly out of his tail. \'As if it had some kind of serpent, that\'s all the time when she turned away. \'Come.',976,2749,'2022-01-28 12:59:39','2022-01-28 12:59:39'),('a7ea0952-50fb-49b4-8fc3-43f31d82f200','ea59ea17-5cc4-4e39-9738-7756f826cf94','ea59ea17-5cc4-4e39-9738-7756f826cf94','fa4ab8a6-8efe-49f0-88e5-2c3a08a08672','2afb986a-79aa-48b6-8279-28423d67b714','dietrich','Gislason and Sons','runte','CR75393806870394394479','I used--and I don\'t like the right words,\' said poor Alice, who always took a great hurry; \'this paper has just been reading about; and when she was walking hand in hand with Dinah, and saying \"Come.',2942,3572,'2022-01-28 12:59:39','2022-01-28 12:59:39'),('abbe5f92-9711-4df2-9ff9-257af2701d7b','ea59ea17-5cc4-4e39-9738-7756f826cf94','de6976a3-2a24-4c74-ba96-d7c44c3b9b93','2d6c5097-389d-4fb3-beb7-b47f51af9aec','2afb986a-79aa-48b6-8279-28423d67b714','schamberger','Hoppe Group','bernier','183971064052975','King, rubbing his hands; \'so now let the Dormouse said--\' the Hatter with a trumpet in one hand and a pair of boots every Christmas.\' And she tried her best to climb up one of the window, and on.',4921,2174,'2022-01-28 12:59:39','2022-01-28 12:59:39'),('abcf602c-414e-4226-9969-3a2c356214cf','ea59ea17-5cc4-4e39-9738-7756f826cf94','ea59ea17-5cc4-4e39-9738-7756f826cf94','2d6c5097-389d-4fb3-beb7-b47f51af9aec','2afb986a-79aa-48b6-8279-28423d67b714','schaefer','Bernier-Hoeger','hudson','JZU10921272780417','Alice did not venture to ask any more HERE.\' \'But then,\' thought she, \'what would become of you? I gave her one, they gave him two, You gave us three or more; They all sat down and looked along the.',2271,4997,'2022-01-28 12:59:39','2022-01-28 12:59:39'),('aca1b24f-0cd0-43a8-a1ec-cfe0d202f668','de6976a3-2a24-4c74-ba96-d7c44c3b9b93','de6976a3-2a24-4c74-ba96-d7c44c3b9b93','2d6c5097-389d-4fb3-beb7-b47f51af9aec','2afb986a-79aa-48b6-8279-28423d67b714','oberbrunner','Haag-Stark','kerluke','PL97195465904250872118594787','On every golden scale! \'How cheerfully he seems to like her, down here, and I\'m sure _I_ shan\'t be able! I shall see it trot away quietly into the open air. \'IF I don\'t put my arm round your waist,\'.',3074,4840,'2022-01-28 12:59:39','2022-01-28 12:59:39'),('ad19cc0e-c1e7-4ff2-b443-02ec34324a2d','ea59ea17-5cc4-4e39-9738-7756f826cf94','ea59ea17-5cc4-4e39-9738-7756f826cf94','5bd84813-1584-40ff-87af-e2b51bab9e16','3d0238dc-7d7e-4464-b861-bc1daa3c05f3','balistreri','Marvin, Lindgren and Metz','hessel','6635349682024833','King said to herself \'It\'s the Cheshire Cat: now I shall have to whisper a hint to Time, and round goes the clock in a court of justice before, but she did not sneeze, were the cook, and a pair of.',4650,3238,'2022-01-28 12:59:39','2022-01-28 12:59:39'),('b3020ab2-e220-40e3-ac0c-05eee6c22f1b','de6976a3-2a24-4c74-ba96-d7c44c3b9b93','ea59ea17-5cc4-4e39-9738-7756f826cf94','2d6c5097-389d-4fb3-beb7-b47f51af9aec','a7e9ab37-571a-46ee-a0f2-9f9022ca5a0f','emmerich','Johnston LLC','hills','276596693788688862116132','I only knew the meaning of half those long words, and, what\'s more, I don\'t want to be?\' it asked. \'Oh, I\'m not the right size again; and the Dormouse began in a soothing tone: \'don\'t be angry about.',1924,3104,'2022-01-28 12:59:39','2022-01-28 12:59:39'),('b3f3b386-e02c-446f-bf85-502db158aceb','ea59ea17-5cc4-4e39-9738-7756f826cf94','de6976a3-2a24-4c74-ba96-d7c44c3b9b93','2d6c5097-389d-4fb3-beb7-b47f51af9aec','2afb986a-79aa-48b6-8279-28423d67b714','goldner','Gleason-Terry','sawayn','601350BDHG3A0WAQC3','Dinah here, I know is, it would be like, \'--for they haven\'t got much evidence YET,\' she said this she looked up and straightening itself out again, and Alice was silent. The Dormouse again took a.',4383,2298,'2022-01-28 12:59:39','2022-01-28 12:59:39'),('b8719c1f-3b11-4e74-b911-ee0e91f0ad3e','ea59ea17-5cc4-4e39-9738-7756f826cf94','de6976a3-2a24-4c74-ba96-d7c44c3b9b93','5bd84813-1584-40ff-87af-e2b51bab9e16','a7e9ab37-571a-46ee-a0f2-9f9022ca5a0f','ernser','Bergstrom, Thompson and Keebler','brekke','NPBC24725V0S18NKQDQ688PHMP3','I got up this morning, but I think I can find it.\' And she began looking at them with one finger; and the arm that was sitting next to her. \'I wish I hadn\'t cried so much!\' Alas! it was too small.',2286,658,'2022-01-28 12:59:39','2022-01-28 12:59:39'),('b94540a0-74aa-4d8b-9dd0-b99aeef56c52','de6976a3-2a24-4c74-ba96-d7c44c3b9b93','ea59ea17-5cc4-4e39-9738-7756f826cf94','5bd84813-1584-40ff-87af-e2b51bab9e16','3d0238dc-7d7e-4464-b861-bc1daa3c05f3','schmeler','Koch Group','koelpin','86366KRN5B363DG','She waited for a moment to be sure; but I think you\'d better leave off,\' said the Mock Turtle went on. \'We had the dish as its share of the jurors were writing down \'stupid things!\' on their throne.',2378,2588,'2022-01-28 12:59:39','2022-01-28 12:59:39'),('b9b75229-8569-4155-92db-8e1aa164f83b','de6976a3-2a24-4c74-ba96-d7c44c3b9b93','ea59ea17-5cc4-4e39-9738-7756f826cf94','fa4ab8a6-8efe-49f0-88e5-2c3a08a08672','a7e9ab37-571a-46ee-a0f2-9f9022ca5a0f','green','Dicki Group','hayes','944553306319052707080','I tell you, you coward!\' and at last turned sulky, and would only say, \'I am older than you, and must know better\'; and this was not here before,\' said the Dormouse into the darkness as hard as he.',4305,2084,'2022-01-28 12:59:39','2022-01-28 12:59:39'),('bc203920-fb6a-4581-881e-f5e7a591c2a0','de6976a3-2a24-4c74-ba96-d7c44c3b9b93','ea59ea17-5cc4-4e39-9738-7756f826cf94','2d6c5097-389d-4fb3-beb7-b47f51af9aec','3d0238dc-7d7e-4464-b861-bc1daa3c05f3','feeney','Stiedemann-Hartmann','rau','H40ILSN84W25C1D4458FI','Drawling--the Drawling-master was an old conger-eel, that used to know. Let me see: four times five is twelve, and four times six is thirteen, and four times five is twelve, and four times five is.',531,966,'2022-01-28 12:59:39','2022-01-28 12:59:39'),('bdd59bd4-d9e2-4522-83c6-d4b1f84f9ac9','de6976a3-2a24-4c74-ba96-d7c44c3b9b93','ea59ea17-5cc4-4e39-9738-7756f826cf94','2d6c5097-389d-4fb3-beb7-b47f51af9aec','a7e9ab37-571a-46ee-a0f2-9f9022ca5a0f','crona','Yost and Sons','leannon','961975482981334526846928','I believe.\' \'Boots and shoes under the door; so either way I\'ll get into the garden with one eye; but to her daughter \'Ah, my dear! Let this be a lesson to you never had to sing this:-- \'Beautiful.',960,4343,'2022-01-28 12:59:39','2022-01-28 12:59:39'),('c0c79d2c-8059-4a78-ab1e-149a677a012e','de6976a3-2a24-4c74-ba96-d7c44c3b9b93','de6976a3-2a24-4c74-ba96-d7c44c3b9b93','5bd84813-1584-40ff-87af-e2b51bab9e16','2afb986a-79aa-48b6-8279-28423d67b714','goodwin','Gibson, Ferry and Balistreri','swift','05197830596648819332528','Lizard, who seemed to Alice as she could. \'The game\'s going on within--a constant howling and sneezing, and every now and then; such as, that a red-hot poker will burn you if you wouldn\'t mind,\'.',4299,3750,'2022-01-28 12:59:39','2022-01-28 12:59:39'),('c269aff3-7977-4d08-a2a0-99fc3303c854','ea59ea17-5cc4-4e39-9738-7756f826cf94','de6976a3-2a24-4c74-ba96-d7c44c3b9b93','5bd84813-1584-40ff-87af-e2b51bab9e16','3d0238dc-7d7e-4464-b861-bc1daa3c05f3','brekke','Leannon-Stark','tillman','CIG01437400EO6J5830T65K7','Queen, who was passing at the jury-box, or they would go, and making quite a new kind of serpent, that\'s all I can remember feeling a little anxiously. \'Yes,\' said Alice, in a very difficult game.',4128,3975,'2022-01-28 12:59:39','2022-01-28 12:59:39'),('c2708392-caa7-4cf5-945c-af21f2a19c18','de6976a3-2a24-4c74-ba96-d7c44c3b9b93','de6976a3-2a24-4c74-ba96-d7c44c3b9b93','2d6c5097-389d-4fb3-beb7-b47f51af9aec','3d0238dc-7d7e-4464-b861-bc1daa3c05f3','durgan','Zemlak-Leffler','hartmann','8973102000763134184654571','AT ALL. Soup does very well without--Maybe it\'s always pepper that had made her look up in such a nice soft thing to nurse--and she\'s such a puzzled expression that she still held the pieces of.',2610,4628,'2022-01-28 12:59:39','2022-01-28 12:59:39'),('c4e8f22a-eddc-4401-b63f-a58e5e9066af','de6976a3-2a24-4c74-ba96-d7c44c3b9b93','ea59ea17-5cc4-4e39-9738-7756f826cf94','2d6c5097-389d-4fb3-beb7-b47f51af9aec','a7e9ab37-571a-46ee-a0f2-9f9022ca5a0f','hansen','Mosciski-Spinka','grady','E474759867354484201','Dinah my dear! I wish I could say if I must, I must,\' the King was the Rabbit hastily interrupted. \'There\'s a great crash, as if it please your Majesty,\' said the King. \'When did you call it.',2325,1270,'2022-01-28 12:59:39','2022-01-28 12:59:39'),('c7d360c4-1738-4a1f-a595-8abb50870c77','de6976a3-2a24-4c74-ba96-d7c44c3b9b93','ea59ea17-5cc4-4e39-9738-7756f826cf94','fa4ab8a6-8efe-49f0-88e5-2c3a08a08672','a7e9ab37-571a-46ee-a0f2-9f9022ca5a0f','kshlerin','Wilkinson, Fadel and Bosco','abshire','T042347943021599986','Dinah, if I shall never get to twenty at that rate! However, the Multiplication Table doesn\'t signify: let\'s try the first witness,\' said the Rabbit angrily. \'Here! Come and help me out of his head.',2666,1367,'2022-01-28 12:59:39','2022-01-28 12:59:39'),('c9834e26-0584-4f03-920e-06fed83ce079','de6976a3-2a24-4c74-ba96-d7c44c3b9b93','de6976a3-2a24-4c74-ba96-d7c44c3b9b93','2d6c5097-389d-4fb3-beb7-b47f51af9aec','2afb986a-79aa-48b6-8279-28423d67b714','zieme','Bartoletti-Hegmann','crona','18290588496973334944','Never heard of \"Uglification,\"\' Alice ventured to say. \'What is it?\' Alice panted as she could do to hold it. As soon as there was a little shaking among the trees behind him. \'--or next day.',2541,4612,'2022-01-28 12:59:39','2022-01-28 12:59:39'),('cbb6bd4a-61ae-4f4f-9ab5-8aac838bc06d','ea59ea17-5cc4-4e39-9738-7756f826cf94','de6976a3-2a24-4c74-ba96-d7c44c3b9b93','fa4ab8a6-8efe-49f0-88e5-2c3a08a08672','3d0238dc-7d7e-4464-b861-bc1daa3c05f3','heller','Ebert PLC','weimann','2580266480877454596736266','Gryphon. \'They can\'t have anything to put his shoes on. \'--and just take his head mournfully. \'Not I!\' he replied. \'We quarrelled last March--just before HE went mad, you know--\' She had just begun.',2307,3908,'2022-01-28 12:59:39','2022-01-28 12:59:39'),('cd5e8a2d-a6d1-414f-ace4-26b90c35f685','de6976a3-2a24-4c74-ba96-d7c44c3b9b93','ea59ea17-5cc4-4e39-9738-7756f826cf94','2d6c5097-389d-4fb3-beb7-b47f51af9aec','3d0238dc-7d7e-4464-b861-bc1daa3c05f3','rodriguez','Feest, Ledner and Miller','sipes','7003059086995820518262205W7','Alice, as she did not sneeze, were the verses the White Rabbit read:-- \'They told me you had been to her, \'if we had the door and went on in the act of crawling away: besides all this, there was.',1025,4611,'2022-01-28 12:59:39','2022-01-28 12:59:39'),('d055184e-a832-4944-93d6-de61c4e8fda0','ea59ea17-5cc4-4e39-9738-7756f826cf94','de6976a3-2a24-4c74-ba96-d7c44c3b9b93','2d6c5097-389d-4fb3-beb7-b47f51af9aec','3d0238dc-7d7e-4464-b861-bc1daa3c05f3','dubuque','Bogisich Group','bogisich','4981053058312198981','Five! Always lay the blame on others!\' \'YOU\'D better not do that again!\' which produced another dead silence. Alice was beginning to think about stopping herself before she came upon a little.',4593,4930,'2022-01-28 12:59:39','2022-01-28 12:59:39'),('d643bf9b-6331-4b07-95cc-fa53f6050c18','ea59ea17-5cc4-4e39-9738-7756f826cf94','ea59ea17-5cc4-4e39-9738-7756f826cf94','2d6c5097-389d-4fb3-beb7-b47f51af9aec','3d0238dc-7d7e-4464-b861-bc1daa3c05f3','rogahn','Gutmann-Bayer','mcclure','395097568594NYLT2686CV7N','And mentioned me to him: She gave me a pair of white kid gloves: she took up the fan and gloves, and, as the doubled-up soldiers were silent, and looked anxiously over his shoulder with some.',4092,4445,'2022-01-28 12:59:39','2022-01-28 12:59:39'),('d6fa4176-b9a4-4671-8558-8d1e3aade088','ea59ea17-5cc4-4e39-9738-7756f826cf94','de6976a3-2a24-4c74-ba96-d7c44c3b9b93','fa4ab8a6-8efe-49f0-88e5-2c3a08a08672','3d0238dc-7d7e-4464-b861-bc1daa3c05f3','bogisich','Deckow-Weissnat','luettgen','0WBND0031857OWNF27G','No, it\'ll never do to come once a week: HE taught us Drawling, Stretching, and Fainting in Coils.\' \'What was THAT like?\' said Alice. \'Off with his head!\' she said, by way of expecting nothing but.',2938,4851,'2022-01-28 12:59:39','2022-01-28 12:59:39'),('d7c58c16-9bc3-4067-8ed6-88c2d2e433a8','ea59ea17-5cc4-4e39-9738-7756f826cf94','ea59ea17-5cc4-4e39-9738-7756f826cf94','2d6c5097-389d-4fb3-beb7-b47f51af9aec','a7e9ab37-571a-46ee-a0f2-9f9022ca5a0f','kautzer','Hodkiewicz and Sons','dibbert','GE13JO8787001929709086','There was a dead silence instantly, and neither of the jury eagerly wrote down on one knee. \'I\'m a poor man,\' the Hatter went on, \'if you don\'t explain it as well say that \"I see what was coming. It.',4131,1780,'2022-01-28 12:59:39','2022-01-28 12:59:39'),('d9ccc7eb-590d-4b0b-b615-e2726891a807','de6976a3-2a24-4c74-ba96-d7c44c3b9b93','ea59ea17-5cc4-4e39-9738-7756f826cf94','fa4ab8a6-8efe-49f0-88e5-2c3a08a08672','a7e9ab37-571a-46ee-a0f2-9f9022ca5a0f','kunde','Mueller-Ratke','hodkiewicz','663832722ZY2187RL81934','Time as well as I used--and I don\'t like the right height to rest herself, and nibbled a little before she came rather late, and the fall NEVER come to the seaside once in the night? Let me see--how.',1477,3689,'2022-01-28 12:59:39','2022-01-28 12:59:39'),('db095557-ae36-438a-abd1-ce542582445c','ea59ea17-5cc4-4e39-9738-7756f826cf94','de6976a3-2a24-4c74-ba96-d7c44c3b9b93','fa4ab8a6-8efe-49f0-88e5-2c3a08a08672','2afb986a-79aa-48b6-8279-28423d67b714','hettinger','Stiedemann Ltd','champlin','67123552540532626','She had quite a conversation of it at all,\' said the King, and he checked himself suddenly: the others took the place where it had a wink of sleep these three weeks!\' \'I\'m very sorry you\'ve been.',4774,1806,'2022-01-28 12:59:39','2022-01-28 12:59:39'),('e6ef2a0a-2a49-44f0-a63c-be5bd4ecbe09','ea59ea17-5cc4-4e39-9738-7756f826cf94','de6976a3-2a24-4c74-ba96-d7c44c3b9b93','2d6c5097-389d-4fb3-beb7-b47f51af9aec','2afb986a-79aa-48b6-8279-28423d67b714','eichmann','Rosenbaum, Walsh and Lind','ferry','965835375417766397120','I\'ve offended it again!\' For the Mouse to tell you--all I know I have ordered\'; and she hurried out of this elegant thimble\'; and, when it saw mine coming!\' \'How do you call it purring, not.',4653,2075,'2022-01-28 12:59:39','2022-01-28 12:59:39'),('e81c4abc-4d17-4fcb-8358-f32c984e148a','de6976a3-2a24-4c74-ba96-d7c44c3b9b93','ea59ea17-5cc4-4e39-9738-7756f826cf94','5bd84813-1584-40ff-87af-e2b51bab9e16','3d0238dc-7d7e-4464-b861-bc1daa3c05f3','friesen','Stanton Group','lockman','729125344151100400370','I don\'t keep the same thing a bit!\' said the Dormouse fell asleep instantly, and neither of the garden: the roses growing on it in asking riddles that have no notion how long ago anything had.',2607,4465,'2022-01-28 12:59:39','2022-01-28 12:59:39'),('e9ad79d8-5cc6-452d-8eca-8c2ca42f6ac5','de6976a3-2a24-4c74-ba96-d7c44c3b9b93','de6976a3-2a24-4c74-ba96-d7c44c3b9b93','fa4ab8a6-8efe-49f0-88e5-2c3a08a08672','3d0238dc-7d7e-4464-b861-bc1daa3c05f3','ohara','Ritchie Group','batz','37722KJN0Q2RFHER','THE VOICE OF THE SLUGGARD,\"\' said the Dodo. Then they both sat silent and looked at each other for some time with the tea,\' the Hatter asked triumphantly. Alice did not appear, and after a few.',1081,611,'2022-01-28 12:59:39','2022-01-28 12:59:39'),('ea6cf9e5-0a80-4abb-bb3e-5de637d0e86f','de6976a3-2a24-4c74-ba96-d7c44c3b9b93','de6976a3-2a24-4c74-ba96-d7c44c3b9b93','5bd84813-1584-40ff-87af-e2b51bab9e16','a7e9ab37-571a-46ee-a0f2-9f9022ca5a0f','robel','Morissette-Rau','sawayn','MR7906754620906994448238623','Alice, (she had kept a piece of bread-and-butter in the newspapers, at the frontispiece if you were INSIDE, you might catch a bad cold if she had never had to do such a puzzled expression that she.',1493,396,'2022-01-28 12:59:39','2022-01-28 12:59:39'),('eb31df41-75cd-4d05-9a2a-bb9881bd7f01','ea59ea17-5cc4-4e39-9738-7756f826cf94','de6976a3-2a24-4c74-ba96-d7c44c3b9b93','2d6c5097-389d-4fb3-beb7-b47f51af9aec','a7e9ab37-571a-46ee-a0f2-9f9022ca5a0f','haag','Predovic LLC','reinger','687063713333541069738','I will prosecute YOU.--Come, I\'ll take no denial; We must have a trial: For really this morning I\'ve nothing to what I should be raving mad after all! I almost think I should be like then?\' And she.',720,4915,'2022-01-28 12:59:39','2022-01-28 12:59:39'),('eb95f515-c532-49e5-bf4d-fa6acb56b840','ea59ea17-5cc4-4e39-9738-7756f826cf94','de6976a3-2a24-4c74-ba96-d7c44c3b9b93','fa4ab8a6-8efe-49f0-88e5-2c3a08a08672','2afb986a-79aa-48b6-8279-28423d67b714','frami','Kshlerin Group','rowe','210JZ75XK5JNS25N7036','Let me see: four times six is thirteen, and four times six is thirteen, and four times six is thirteen, and four times five is twelve, and four times six is thirteen, and four times six is thirteen.',1081,855,'2022-01-28 12:59:39','2022-01-28 12:59:39'),('ee31fab1-8764-46cd-a3a6-23c858381d69','de6976a3-2a24-4c74-ba96-d7c44c3b9b93','de6976a3-2a24-4c74-ba96-d7c44c3b9b93','5bd84813-1584-40ff-87af-e2b51bab9e16','a7e9ab37-571a-46ee-a0f2-9f9022ca5a0f','prosacco','Schmeler and Sons','kerluke','ARVX0PA23R9NR43KQ62V','Cat\'s head with great curiosity, and this Alice thought the whole pack rose up into a pig, and she looked down, was an old Crab took the least idea what Latitude or Longitude I\'ve got to go from.',128,4917,'2022-01-28 12:59:39','2022-01-28 12:59:39'),('ee72a71a-27b8-4c46-9daf-f80c1d004aa6','ea59ea17-5cc4-4e39-9738-7756f826cf94','ea59ea17-5cc4-4e39-9738-7756f826cf94','fa4ab8a6-8efe-49f0-88e5-2c3a08a08672','2afb986a-79aa-48b6-8279-28423d67b714','mueller','Bergnaum Inc','macejkovic','3475REC6D54HSI3K28DVT7A','THE COURT.\' Everybody looked at it again: but he now hastily began again, using the ink, that was linked into hers began to cry again. \'You ought to speak, but for a dunce? Go on!\' \'I\'m a poor man.',2434,4872,'2022-01-28 12:59:39','2022-01-28 12:59:39'),('f633f89b-c319-4214-8d56-eacc61eee8cc','de6976a3-2a24-4c74-ba96-d7c44c3b9b93','de6976a3-2a24-4c74-ba96-d7c44c3b9b93','5bd84813-1584-40ff-87af-e2b51bab9e16','2afb986a-79aa-48b6-8279-28423d67b714','littel','Deckow-Gleichner','herzog','28774701D2G0VT92ZX4931H4','Alice remarked. \'Right, as usual,\' said the Lory, who at last the Caterpillar sternly. \'Explain yourself!\' \'I can\'t remember things as I was thinking I should think you\'ll feel it a bit, if you.',4239,2619,'2022-01-28 12:59:39','2022-01-28 12:59:39'),('f7f9a085-8e0a-4061-a9a6-b475861b111f','de6976a3-2a24-4c74-ba96-d7c44c3b9b93','de6976a3-2a24-4c74-ba96-d7c44c3b9b93','2d6c5097-389d-4fb3-beb7-b47f51af9aec','2afb986a-79aa-48b6-8279-28423d67b714','weissnat','Beer-Larson','klocko','2077539674215757335','TWO little shrieks, and more sounds of broken glass, from which she found herself in a coaxing tone, and she could guess, she was quite surprised to find that she ran off as hard as he came, \'Oh!.',3347,4851,'2022-01-28 12:59:39','2022-01-28 12:59:39'),('fa864f9e-9694-46f3-9eb7-9d52e982085e','de6976a3-2a24-4c74-ba96-d7c44c3b9b93','ea59ea17-5cc4-4e39-9738-7756f826cf94','5bd84813-1584-40ff-87af-e2b51bab9e16','3d0238dc-7d7e-4464-b861-bc1daa3c05f3','windler','Nitzsche-Blick','conn','4436573281756517088','King, looking round the table, half hoping that the Queen was close behind it was quite tired of swimming about here, O Mouse!\' (Alice thought this must ever be A secret, kept from all the players.',2871,2501,'2022-01-28 12:59:39','2022-01-28 12:59:39'),('fc1448c6-46f6-4fcc-b693-a41b613a922d','ea59ea17-5cc4-4e39-9738-7756f826cf94','ea59ea17-5cc4-4e39-9738-7756f826cf94','fa4ab8a6-8efe-49f0-88e5-2c3a08a08672','2afb986a-79aa-48b6-8279-28423d67b714','zulauf','Cormier, Gaylord and Lynch','ernser','817YXC98WPWV1G1','But she did not like to be almost out of the Gryphon, \'that they WOULD put their heads down! I am in the sea!\' cried the Gryphon. \'Of course,\' the Mock Turtle said: \'I\'m too stiff. And the muscular.',3639,2874,'2022-01-28 12:59:39','2022-01-28 12:59:39'),('ffc72d6c-49ca-4ac2-be52-766f8753fe69','ea59ea17-5cc4-4e39-9738-7756f826cf94','de6976a3-2a24-4c74-ba96-d7c44c3b9b93','5bd84813-1584-40ff-87af-e2b51bab9e16','2afb986a-79aa-48b6-8279-28423d67b714','sporer','Vandervort, Stoltenberg and Bauch','frami','53ERAVC24QHCK212P9I4U0','ME,\' but nevertheless she uncorked it and put it right; \'not that it might tell her something about the whiting!\' \'Oh, as to bring but one; Bill\'s got the other--Bill! fetch it back!\' \'And who are.',3214,4517,'2022-01-28 12:59:39','2022-01-28 12:59:39');

--
-- Table structure for table `location_attachments`
--

CREATE TABLE `location_attachments` (
  `id` varchar(255) COLLATE utf8mb4_unicode_ci NOT NULL,
  `attachment_id` varchar(255) COLLATE utf8mb4_unicode_ci DEFAULT NULL,
  `created_by_user_id` varchar(255) COLLATE utf8mb4_unicode_ci DEFAULT NULL,
  `updated_by_user_id` varchar(255) COLLATE utf8mb4_unicode_ci DEFAULT NULL,
  `location_id` varchar(255) COLLATE utf8mb4_unicode_ci DEFAULT NULL,
  PRIMARY KEY (`id`),
  UNIQUE KEY `UNIQ_51111D92464E68B` (`attachment_id`),
  KEY `IDX_51111D927D182D95` (`created_by_user_id`),
  KEY `IDX_51111D922793CC5E` (`updated_by_user_id`),
  KEY `IDX_51111D9264D218E` (`location_id`),
  CONSTRAINT `FK_51111D922793CC5E` FOREIGN KEY (`updated_by_user_id`) REFERENCES `users` (`id`) ON DELETE SET NULL,
  CONSTRAINT `FK_51111D92464E68B` FOREIGN KEY (`attachment_id`) REFERENCES `attachments` (`id`),
  CONSTRAINT `FK_51111D9264D218E` FOREIGN KEY (`location_id`) REFERENCES `locations` (`id`),
  CONSTRAINT `FK_51111D927D182D95` FOREIGN KEY (`created_by_user_id`) REFERENCES `users` (`id`) ON DELETE SET NULL
) ENGINE=InnoDB DEFAULT CHARSET=utf8mb4 COLLATE=utf8mb4_unicode_ci;

--
-- Dumping data for table `location_attachments`
--


--
-- Table structure for table `locations`
--

CREATE TABLE `locations` (
  `id` varchar(255) COLLATE utf8mb4_unicode_ci NOT NULL,
  `created_by_user_id` varchar(255) COLLATE utf8mb4_unicode_ci DEFAULT NULL,
  `updated_by_user_id` varchar(255) COLLATE utf8mb4_unicode_ci DEFAULT NULL,
  `name` varchar(255) COLLATE utf8mb4_unicode_ci NOT NULL,
  `street_address` varchar(255) COLLATE utf8mb4_unicode_ci DEFAULT NULL,
  `street_address2` varchar(255) COLLATE utf8mb4_unicode_ci DEFAULT NULL,
  `city` varchar(255) COLLATE utf8mb4_unicode_ci DEFAULT NULL,
  `province` varchar(2) COLLATE utf8mb4_unicode_ci DEFAULT NULL,
  `postal_code` varchar(6) COLLATE utf8mb4_unicode_ci DEFAULT NULL,
  `created` datetime DEFAULT NULL,
  `updated` datetime DEFAULT NULL,
  PRIMARY KEY (`id`),
  KEY `IDX_17E64ABA7D182D95` (`created_by_user_id`),
  KEY `IDX_17E64ABA2793CC5E` (`updated_by_user_id`),
  CONSTRAINT `FK_17E64ABA2793CC5E` FOREIGN KEY (`updated_by_user_id`) REFERENCES `users` (`id`) ON DELETE SET NULL,
  CONSTRAINT `FK_17E64ABA7D182D95` FOREIGN KEY (`created_by_user_id`) REFERENCES `users` (`id`) ON DELETE SET NULL
) ENGINE=InnoDB DEFAULT CHARSET=utf8mb4 COLLATE=utf8mb4_unicode_ci;

--
-- Dumping data for table `locations`
--

INSERT INTO `locations` VALUES ('2afb986a-79aa-48b6-8279-28423d67b714','ea59ea17-5cc4-4e39-9738-7756f826cf94','ea59ea17-5cc4-4e39-9738-7756f826cf94','Shop - Home',NULL,NULL,NULL,NULL,NULL,'2022-01-28 12:59:39','2022-01-28 12:59:39'),('3d0238dc-7d7e-4464-b861-bc1daa3c05f3','ea59ea17-5cc4-4e39-9738-7756f826cf94','ea59ea17-5cc4-4e39-9738-7756f826cf94','Shop',NULL,NULL,NULL,NULL,NULL,'2022-01-28 12:59:39','2022-01-28 12:59:39'),('a7e9ab37-571a-46ee-a0f2-9f9022ca5a0f','de6976a3-2a24-4c74-ba96-d7c44c3b9b93','de6976a3-2a24-4c74-ba96-d7c44c3b9b93','Truck',NULL,NULL,NULL,NULL,NULL,'2022-01-28 12:59:39','2022-01-28 12:59:39');


